481?
1
What is the units digit of 871630169?
9
What is the hundreds digit of 73180390?
3
What is the tens digit of 67314800?
0
What is the hundreds digit of 1387361137?
1
What is the hundreds digit of 9949484?
4
What is the hundred thousands digit of 1896349580?
3
What is the tens digit of 8640225?
2
What is the thousands digit of 40031912?
1
What is the tens digit of 656860?
6
What is the ten thousands digit of 1082051789?
5
What is the thousands digit of 22183527?
3
What is the billions digit of 2119910999?
2
What is the tens digit of 1789738295?
9
What is the hundred thousands digit of 201574782?
5
What is the ten millions digit of 251709807?
5
What is the hundreds digit of 1036444881?
8
What is the units digit of 47260814?
4
What is the ten millions digit of 205749610?
0
What is the ten millions digit of 19062800?
1
What is the hundreds digit of 49288173?
1
What is the thousands digit of 20136116?
6
What is the ten thousands digit of 224720765?
2
What is the millions digit of 41681453?
1
What is the units digit of 128853816?
6
What is the thousands digit of 14349720?
9
What is the ten thousands digit of 136021814?
2
What is the hundred thousands digit of 5367961253?
9
What is the thousands digit of 56340327?
0
What is the tens digit of 52100883?
8
What is the ten thousands digit of 86639739?
3
What is the ten millions digit of 114625801?
1
What is the hundred thousands digit of 110554211?
5
What is the hundred millions digit of 142497740?
1
What is the millions digit of 111940984?
1
What is the tens digit of 90824575?
7
What is the ten thousands digit of 152875469?
7
What is the ten millions digit of 616424963?
1
What is the hundred thousands digit of 15903442?
9
What is the millions digit of 41669205?
1
What is the hundred thousands digit of 139045200?
0
What is the units digit of 442094354?
4
What is the units digit of 34482050?
0
What is the ten millions digit of 1794838714?
9
What is the ten thousands digit of 275053464?
5
What is the hundred thousands digit of 296186329?
1
What is the millions digit of 48291766?
8
What is the ten millions digit of 3741648321?
4
What is the tens digit of 177107531?
3
What is the ten millions digit of 124279761?
2
What is the billions digit of 1578668188?
1
What is the ten thousands digit of 362210497?
1
What is the thousands digit of 7383178?
3
What is the thousands digit of 498118039?
8
What is the ten millions digit of 157124067?
5
What is the ten thousands digit of 3465015540?
1
What is the thousands digit of 2826439187?
9
What is the ten thousands digit of 67819947?
1
What is the hundred millions digit of 305815165?
3
What is the hundred millions digit of 1660202589?
6
What is the hundred millions digit of 3561429094?
5
What is the hundred thousands digit of 3297674939?
6
What is the hundred millions digit of 2649244556?
6
What is the tens digit of 75293742?
4
What is the ten thousands digit of 19119000?
1
What is the hundreds digit of 603369446?
4
What is the thousands digit of 199176357?
6
What is the hundred thousands digit of 154454451?
4
What is the tens digit of 170771993?
9
What is the hundred thousands digit of 600470960?
4
What is the millions digit of 52362782?
2
What is the units digit of 324288840?
0
What is the millions digit of 59911415?
9
What is the tens digit of 51532074?
7
What is the hundred thousands digit of 265839187?
8
What is the hundred thousands digit of 1637953913?
9
What is the tens digit of 241962912?
1
What is the hundreds digit of 152988399?
3
What is the thousands digit of 454125814?
5
What is the millions digit of 1363927974?
3
What is the ten millions digit of 6146211786?
4
What is the hundred thousands digit of 574402806?
4
What is the thousands digit of 3416070789?
0
What is the thousands digit of 2318040787?
0
What is the tens digit of 445049444?
4
What is the hundred millions digit of 436175550?
4
What is the tens digit of 107809511?
1
What is the ten millions digit of 2053282063?
5
What is the ten millions digit of 17657633?
1
What is the hundred millions digit of 229522823?
2
What is the thousands digit of 274389090?
9
What is the hundreds digit of 648069038?
0
What is the units digit of 4033299728?
8
What is the ten millions digit of 70393951?
7
What is the thousands digit of 193561342?
1
What is the ten millions digit of 195570695?
9
What is the ten millions digit of 90513716?
9
What is the hundred thousands digit of 2024484730?
4
What is the ten thousands digit of 44199235?
9
What is the thousands digit of 328031851?
1
What is the ten millions digit of 1180229941?
8
What is the tens digit of 33176963?
6
What is the millions digit of 325400829?
5
What is the units digit of 395315445?
5
What is the millions digit of 55980742?
5
What is the hundreds digit of 99196810?
8
What is the tens digit of 30009989?
8
What is the billions digit of 1074252740?
1
What is the hundred millions digit of 424257455?
4
What is the hundred thousands digit of 923267205?
2
What is the hundred thousands digit of 622252864?
2
What is the ten thousands digit of 121234510?
3
What is the hundreds digit of 129036616?
6
What is the hundred millions digit of 1006374387?
0
What is the hundred millions digit of 321333366?
3
What is the ten millions digit of 311296513?
1
What is the hundreds digit of 279651766?
7
What is the tens digit of 20751408?
0
What is the thousands digit of 3379006547?
6
What is the hundreds digit of 124658075?
0
What is the hundred millions digit of 569222005?
5
What is the ten thousands digit of 348647187?
4
What is the hundred thousands digit of 281036057?
0
What is the hundred millions digit of 284538442?
2
What is the units digit of 16058360?
0
What is the hundred millions digit of 193876889?
1
What is the hundreds digit of 21795409?
4
What is the tens digit of 32126276?
7
What is the hundred thousands digit of 17582102?
5
What is the hundreds digit of 9236591?
5
What is the hundreds digit of 83129709?
7
What is the tens digit of 147213595?
9
What is the millions digit of 1538947463?
8
What is the tens digit of 42966602?
0
What is the ten millions digit of 34990807?
3
What is the tens digit of 3151229794?
9
What is the hundred millions digit of 888105413?
8
What is the tens digit of 6704841?
4
What is the units digit of 95201510?
0
What is the hundred millions digit of 433197535?
4
What is the hundred millions digit of 809760808?
8
What is the millions digit of 192262746?
2
What is the ten thousands digit of 299017111?
1
What is the hundreds digit of 36877674?
6
What is the ten millions digit of 18961054?
1
What is the ten millions digit of 262045037?
6
What is the hundreds digit of 1573903929?
9
What is the thousands digit of 26996051?
6
What is the hundred thousands digit of 262386860?
3
What is the thousands digit of 35919929?
9
What is the ten millions digit of 1584366476?
8
What is the ten millions digit of 553915380?
5
What is the ten thousands digit of 171686468?
8
What is the tens digit of 103838153?
5
What is the ten millions digit of 114243909?
1
What is the millions digit of 107831354?
7
What is the hundreds digit of 7958018464?
4
What is the hundred thousands digit of 35759653?
7
What is the thousands digit of 137656644?
6
What is the hundred thousands digit of 1906351036?
3
What is the units digit of 16225033?
3
What is the units digit of 80009703?
3
What is the hundred millions digit of 1032234895?
0
What is the ten thousands digit of 153606825?
0
What is the ten thousands digit of 4367192492?
9
What is the thousands digit of 141749132?
9
What is the ten thousands digit of 13368364?
6
What is the hundreds digit of 113313372?
3
What is the thousands digit of 69761137?
1
What is the ten thousands digit of 1075288486?
8
What is the hundreds digit of 328176727?
7
What is the ten thousands digit of 31497185?
9
What is the thousands digit of 279043435?
3
What is the units digit of 303410049?
9
What is the hundred thousands digit of 168659075?
6
What is the ten millions digit of 95064916?
9
What is the hundred millions digit of 536326599?
5
What is the hundred millions digit of 295155667?
2
What is the ten thousands digit of 17521299?
2
What is the hundreds digit of 1379469?
4
What is the thousands digit of 62963374?
3
What is the ten millions digit o